2118173148?
1
What is the thousands digit of 2952861?
2
What is the millions digit of 370986563?
0
What is the ten millions digit of 112307361?
1
What is the units digit of 96944865?
5
What is the tens digit of 27583625?
2
What is the units digit of 207708533?
3
What is the ten thousands digit of 1162324892?
2
What is the ten thousands digit of 1440832988?
3
What is the tens digit of 1878946646?
4
What is the thousands digit of 3409987088?
7
What is the ten thousands digit of 214683480?
8
What is the ten millions digit of 5599637079?
9
What is the tens digit of 307989655?
5
What is the thousands digit of 8990257?
0
What is the tens digit of 6871805?
0
What is the ten millions digit of 844275761?
4
What is the thousands digit of 296965493?
5
What is the hundreds digit of 6038896531?
5
What is the units digit of 12947949?
9
What is the hundreds digit of 754005184?
1
What is the millions digit of 27873956?
7
What is the ten thousands digit of 37736900?
3
What is the tens digit of 681730432?
3
What is the hundreds digit of 136063583?
5
What is the units digit of 2646669355?
5
What is the tens digit of 2361752677?
7
What is the units digit of 7898578406?
6
What is the hundreds digit of 330037345?
3
What is the hundred thousands digit of 87238147?
2
What is the ten millions digit of 79825254?
7
What is the hundreds digit of 261963116?
1
What is the thousands digit of 3519234589?
4
What is the units digit of 136401982?
2
What is the millions digit of 89123390?
9
What is the thousands digit of 309650380?
0
What is the thousands digit of 206564669?
4
What is the millions digit of 2026113109?
6
What is the hundred thousands digit of 25994015?
9
What is the ten thousands digit of 9172065216?
6
What is the ten thousands digit of 7666727191?
2
What is the millions digit of 2473067933?
3
What is the thousands digit of 322685351?
5
What is the ten millions digit of 229698319?
2
What is the billions digit of 1381749400?
1
What is the tens digit of 4809118061?
6
What is the ten thousands digit of 790221878?
2
What is the hundred millions digit of 1041272160?
0
What is the ten thousands digit of 320180699?
8
What is the hundreds digit of 609525878?
8
What is the ten millions digit of 256275842?
5
What is the units digit of 1386039683?
3
What is the hundreds digit of 74887159?
1
What is the millions digit of 50102636?
0
What is the tens digit of 39444260?
6
What is the ten thousands digit of 558389292?
8
What is the millions digit of 5756306?
5
What is the tens digit of 193552670?
7
What is the hundred millions digit of 324528712?
3
What is the hundred millions digit of 2387766792?
3
What is the hundred thousands digit of 1066619048?
6
What is the millions digit of 3744661266?
4
What is the millions digit of 27167262?
7
What is the ten thousands digit of 1035945?
3
What is the hundred thousands digit of 2590670258?
6
What is the tens digit of 7942995301?
0
What is the millions digit of 34763644?
4
What is the thousands digit of 77145025?
5
What is the hundred thousands digit of 125312944?
3
What is the billions digit of 1259347608?
1
What is the hundred millions digit of 122280324?
1
What is the thousands digit of 22317578?
7
What is the hundred thousands digit of 651871403?
8
What is the tens digit of 685876077?
7
What is the millions digit of 56893610?
6
What is the tens digit of 292503139?
3
What is the hundred thousands digit of 3825576795?
5
What is the hundreds digit of 9355317?
3
What is the ten thousands digit of 62906676?
0
What is the hundred thousands digit of 1073825804?
8
What is the ten millions digit of 47928015?
4
What is the tens digit of 32059112?
1
What is the ten thousands digit of 16375380?
7
What is the hundred thousands digit of 170879502?
8
What is the hundred millions digit of 103905486?
1
What is the millions digit of 919766706?
9
What is the hundreds digit of 4016383845?
8
What is the hundred thousands digit of 221223939?
2
What is the units digit of 2677016764?
4
What is the hundred millions digit of 278931918?
2
What is the hundred millions digit of 4561697682?
5
What is the thousands digit of 101282998?
2
What is the units digit of 42052189?
9
What is the thousands digit of 28273789?
3
What is the hundred thousands digit of 40789105?
7
What is the thousands digit of 414867028?
7
What is the ten thousands digit of 3904624617?
2
What is the hundred thousands digit of 257520131?
5
What is the hundreds digit of 1661897104?
1
What is the hundred thousands digit of 1183396429?
3
What is the tens digit of 4141679698?
9
What is the hundreds digit of 340483625?
6
What is the millions digit of 231794422?
1
What is the hundreds digit of 638090514?
5
What is the ten millions digit of 2169393259?
6
What is the hundred thousands digit of 60454878?
4
What is the hundred thousands digit of 306827794?
8
What is the units digit of 760576208?
8
What is the hundreds digit of 17237969?
9
What is the tens digit of 165916711?
1
What is the thousands digit of 823901497?
1
What is the tens digit of 1107571734?
3
What is the units digit of 36569307?
7
What is the hundred thousands digit of 311861353?
8
What is the hundred millions digit of 564674281?
5
What is the hundred thousands digit of 2451270687?
2
What is the tens digit of 25911188?
8
What is the hundred millions digit of 5036858188?
0
What is the millions digit of 575077101?
5
What is the hundreds digit of 39694578?
5
What is the ten millions digit of 125699096?
2
What is the ten thousands digit of 219581986?
8
What is the hundreds digit of 24880398?
3
What is the hundred thousands digit of 6248884784?
8
What is the hundred thousands digit of 63432895?
4
What is the millions digit of 1468884554?
8
What is the hundred thousands digit of 74048713?
0
What is the billions digit of 1392716851?
1
What is the tens digit of 93332140?
4
What is the ten millions digit of 164189406?
6
What is the hundred millions digit of 498407190?
4
What is the billions digit of 1738867967?
1
What is the hundreds digit of 157949252?
2
What is the hundred millions digit of 816107527?
8
What is the thousands digit of 17988767?
8
What is the hundred thousands digit of 277326777?
3
What is the hundred millions digit of 816462698?
8
What is the hundred thousands digit of 1207177?
2
What is the ten thousands digit of 4196835685?
3
What is the ten millions digit of 743506494?
4
What is the ten thousands digit of 60917228?
1
What is the ten millions digit of 161701008?
6
What is the tens digit of 12777459?
5
What is the ten millions digit of 5103312974?
0
What is the millions digit of 41469506?
1
What is the millions digit of 97996127?
7
What is the hundred thousands digit of 6371103?
3
What is the millions digit of 3400047935?
0
What is the ten millions digit of 60586238?
6
What is the tens digit of 1487629610?
1
What is the ten millions digit of 2818256554?
1
What is the ten thousands digit of 1001964023?
6
What is the billions digit of 2724019196?
2
What is the units digit of 105260859?
9
What is the tens digit of 27606279?
7
What is the thousands digit of 682440919?
0
What is the hundred millions digit of 1980910501?
9
What is the hundreds digit of 29446526?
5
What is the thousands digit of 290211837?
1
What is the thousands digit of 1539253227?
3
What is the thousands digit of 1558750740?
0
What is the millions digit of 281430849?
1
What is the hundred millions digit of 161668872?
1
What is the ten millions digit of 24725384?
2
What is the tens digit of 28043501?
0
What is the thousands digit of 84568542?
8
What is the tens digit of 309583294?
9
What is the ten thousands digit of 217106308?
0
What is the billions digit of 2933494180?
2
What is the hundreds digit of 7525845?
8
What is the hundred millions digit of 3727300827?
7
What is the hundreds digit of 75589886?
8
What is the hundred thousands digit of 920933577?
9
What is the millions digit of 846103073?
6
What is the hundreds digit of 33959349?
3
What is the ten millions digit of 3442201754?
4
What is the thousands digit of 3189512723?
2
What is the ten thousands digit of 29020909?
2
What is the tens digit of 275425714?
1
What is the hundred millions digit of 798067145?
7
What is the hundreds digit of 135670800?
8
What is the millions digit of 71810581?
1
What is the 